{"id":279,"date":"2023-12-28T19:14:28","date_gmt":"2023-12-28T19:14:28","guid":{"rendered":"https:\/\/werkstatt-psychosozialekultur.de\/?page_id=279"},"modified":"2026-02-27T15:24:06","modified_gmt":"2026-02-27T15:24:06","slug":"psychoanalyse","status":"publish","type":"page","link":"https:\/\/wepsakk.de\/index.php\/psychoanalyse\/","title":{"rendered":"Psychoanalyse"},"content":{"rendered":"\n<p>Werkstattbereich<\/p>\n\n\n\n<h1 class=\"wp-block-heading\">Psychoanalyse<\/h1>\n\n\n\n<p><em>\u201eZwei Dinge allein aber ohne ein drittes wohl zusammenzuf\u00fcgen ist unm\u00f6glich, denn nur ein vermittelndes Band kann zwischen Beiden die Vereinigung bilden.\u201c<\/em><em>*<\/em><\/p>\n\n\n\n<p>In der Werkstatt f\u00fcr Psychoanalyse versammeln sich im Bereich Psychoanalyse Psychoanalytikerinnen und Psychoanalytiker als Kolleginnen und als Kollegen:<br><br>Die Psychoanalyse entfaltet sich als eine spezifische Praxis zwischen zweien, im Sprechen und H\u00f6ren der Worte, die sich ihnen und in denen sie sich \u00fcbertragen.<\/p>\n\n\n\n<p>Die Werkstatt f\u00fcr Psychoanalyse wird von der Frage der Generation getragen, davon wie das Besondere der Freud\u2019schen Erfahrung in einer Psychoanalyse sich entfalten und weiterleben kann, die einer Funktion, die allen zug\u00e4nglich ist \u2013 dem Sprechen \u2013 etwas Besonderes abgewinnt. Indem die Psychoanalyse das Wort aufnimmt und wiedergibt, k\u00fcmmert sie sich um das, was f\u00fcr die Menschen nicht l\u00e4uft, um das, was in ihrem Leben hakt, woran sie ansto\u00dfen und Ansto\u00df nehmen, an Unbewusstem, das ihnen entgeht.\u00a0<\/p>\n\n\n\n<p>Dieses Unbewusste, jenes Nicht-Wissen, fassen wir mit Freud und Lacan als ein jeweils Einzigartiges im kulturellen Diskurs gebundenes Wissen auf, das sich selbst nicht wei\u00df. Als ein Wissen, das zwischen den Subjekten ausstehend, ihren Diskurs und ihr Begehren verursacht und als Frage aufrechterh\u00e4lt.<\/p>\n\n\n\n<p>Gem\u00e4\u00df dem Freud\u2019schen Motto: \u201eWo Es war, soll Ich werden\u201c, sch\u00f6pft sich in der Psychoanalyse dieses unbewusste Wissen in der \u00dcbertagung, unterhalten von den drei gro\u00dfen Leidenschaften, Liebe, Hass, Ignoranz. Vermittels der Analyse der \u00dcbertragung versucht die Psychoanalyse die dem Andern adressierten Unterstellungen \u2013 von Liebesanspruch, Todeswunsch, Nicht-Wissen und Wissen \u2013 der Herrschaft des Realen zu entziehen, sie zu symbolisieren und neue Bildungen des Unbewussten zu erm\u00f6glichen.<\/p>\n\n\n\n<p>Wie kann sich eine Psychoanalyse vermitteln, die nicht im Chor sogenannter Experten mitraunt, sondern quer zum allgemein geteilten Diskurs fragt, um dem Unbehagen in der Kultur und im Sozialen folgend, dem Subversiven jenes abzugewinnen, was davon symbolisiert werden kann?<\/p>\n\n\n\n<p>So steht die Frage: Wie kann sich eine Psychoanalyse vermitteln, die einem Wahrheitsbezug und einer Ethik des Begehrens und somit einer Haltung verpflichtet ist, weder dem Begehren nachzugeben, noch im Begehren nachzulassen? Wie k\u00f6nnen Psychoanalytiker dem Produktiven des Begehrens den Raum offen halten und dem Begehren zu analysieren in ihrer spezifischen \u201esokratischen Hebammenkunst\u201c eine Haltung erm\u00f6glichen, die einem \u201ebegehrend-bleiben\u201c entspricht?&nbsp;<\/p>\n\n\n\n<p>LEITUNG \/ KOORDINATION:\u00a0Dennis Pieter \/ Eckhard B\u00e4r,<br>Werkstatt[\u00e4t]WePsaKK.de<strong><br><\/strong><br>*<em>Platon, Timaios, 31b\u2013c. ( zit. nach T. BEDORF, ST. HERRMANN, Das soziale Band, 2016.)<\/em><\/p>\n","protected":false},"excerpt":{"rendered":"<p>Werkstattbereich Psychoanalyse \u201eZwei Dinge allein aber ohne ein drittes wohl zusammenzuf\u00fcgen ist unm\u00f6glich, denn nur ein vermittelndes Band kann zwischen Beiden die Vereinigung bilden.\u201c* In der Werkstatt f\u00fcr Psychoanalyse versammeln sich im Bereich Psychoanalyse Psychoanalytikerinnen und Psychoanalytiker als Kolleginnen und als Kollegen: Die Psychoanalyse entfaltet sich als eine spezifische Praxis zwischen zweien, im Sprechen und [&hellip;]<\/p>\n","protected":false},"author":6,"featured_media":0,"parent":0,"menu_order":3,"comment_status":"closed","ping_status":"closed","template":"","meta":{"footnotes":""},"class_list":["post-279","page","type-page","status-publish","hentry"],"_links":{"self":[{"href":"https:\/\/wepsakk.de\/index.php\/wp-json\/wp\/v2\/pages\/279","targetHints":{"allow":["GET"]}}],"collection":[{"href":"https:\/\/wepsakk.de\/index.php\/wp-json\/wp\/v2\/pages"}],"about":[{"href":"https:\/\/wepsakk.de\/index.php\/wp-json\/wp\/v2\/types\/page"}],"author":[{"embeddable":true,"href":"https:\/\/wepsakk.de\/index.php\/wp-json\/wp\/v2\/users\/6"}],"replies":[{"embeddable":true,"href":"https:\/\/wepsakk.de\/index.php\/wp-json\/wp\/v2\/comments?post=279"}],"version-history":[{"count":9,"href":"https:\/\/wepsakk.de\/index.php\/wp-json\/wp\/v2\/pages\/279\/revisions"}],"predecessor-version":[{"id":713,"href":"https:\/\/wepsakk.de\/index.php\/wp-json\/wp\/v2\/pages\/279\/revisions\/713"}],"wp:attachment":[{"href":"https:\/\/wepsakk.de\/index.php\/wp-json\/wp\/v2\/media?parent=279"}],"curies":[{"name":"wp","href":"https:\/\/api.w.org\/{rel}","templated":true}]}}