{"id":453,"date":"2024-05-29T10:56:39","date_gmt":"2024-05-29T10:56:39","guid":{"rendered":"https:\/\/werkstatt-psychosozialekultur.de\/?page_id=453"},"modified":"2024-07-07T12:51:58","modified_gmt":"2024-07-07T12:51:58","slug":"kapitalistische-zivilisationskrise-und-ukrainekonflikt","status":"publish","type":"page","link":"https:\/\/wepsakk.de\/index.php\/veroeffentlichungen\/kapitalistische-zivilisationskrise-und-ukrainekonflikt\/","title":{"rendered":"Kapitalistische Zivilisationskrise und Ukrainekonflikt (\u00dcberblick)"},"content":{"rendered":"\n<h4 class=\"wp-block-heading\">Prof. Dr. Friedrich Vo\u00dfk\u00fchler<\/h4>\n\n\n\n<h2 class=\"wp-block-heading\">Kapitalistische Zivilisationskrise und Ukrainekonflikt (\u00dcberblick)<\/h2>\n\n\n\n<div data-wp-interactive=\"core\/file\" class=\"wp-block-file\"><object data-wp-bind--hidden=\"!state.hasPdfPreview\" hidden class=\"wp-block-file__embed\" data=\"https:\/\/wepsakk.de\/wp-content\/uploads\/2024\/05\/Friedrich-Vosskuehler-Kapitalistische-Zivilisationskrise-u.-Ukrainekonflikt-2022.06.01.pdf\" type=\"application\/pdf\" style=\"width:100%;height:600px\" aria-label=\"Einbettung von Friedrich-Vosskuehler-Kapitalistische-Zivilisationskrise-u.-Ukrainekonflikt-2022.06.01.\"><\/object><a id=\"wp-block-file--media-3d3a9477-4911-4ad7-a5ee-938636e68883\" href=\"https:\/\/wepsakk.de\/wp-content\/uploads\/2024\/05\/Friedrich-Vosskuehler-Kapitalistische-Zivilisationskrise-u.-Ukrainekonflikt-2022.06.01.pdf\">Friedrich-Vosskuehler-Kapitalistische-Zivilisationskrise-u.-Ukrainekonflikt-2022.06.01<\/a><a href=\"https:\/\/wepsakk.de\/wp-content\/uploads\/2024\/05\/Friedrich-Vosskuehler-Kapitalistische-Zivilisationskrise-u.-Ukrainekonflikt-2022.06.01.pdf\" class=\"wp-block-file__button wp-element-button\" download aria-describedby=\"wp-block-file--media-3d3a9477-4911-4ad7-a5ee-938636e68883\">Herunterladen<\/a><\/div>\n","protected":false},"excerpt":{"rendered":"<p>Prof. Dr. Friedrich Vo\u00dfk\u00fchler Kapitalistische Zivilisationskrise und Ukrainekonflikt (\u00dcberblick)<\/p>\n","protected":false},"author":7,"featured_media":0,"parent":274,"menu_order":80050,"comment_status":"closed","ping_status":"closed","template":"","meta":{"footnotes":""},"class_list":["post-453","page","type-page","status-publish","hentry"],"_links":{"self":[{"href":"https:\/\/wepsakk.de\/index.php\/wp-json\/wp\/v2\/pages\/453","targetHints":{"allow":["GET"]}}],"collection":[{"href":"https:\/\/wepsakk.de\/index.php\/wp-json\/wp\/v2\/pages"}],"about":[{"href":"https:\/\/wepsakk.de\/index.php\/wp-json\/wp\/v2\/types\/page"}],"author":[{"embeddable":true,"href":"https:\/\/wepsakk.de\/index.php\/wp-json\/wp\/v2\/users\/7"}],"replies":[{"embeddable":true,"href":"https:\/\/wepsakk.de\/index.php\/wp-json\/wp\/v2\/comments?post=453"}],"version-history":[{"count":3,"href":"https:\/\/wepsakk.de\/index.php\/wp-json\/wp\/v2\/pages\/453\/revisions"}],"predecessor-version":[{"id":522,"href":"https:\/\/wepsakk.de\/index.php\/wp-json\/wp\/v2\/pages\/453\/revisions\/522"}],"up":[{"embeddable":true,"href":"https:\/\/wepsakk.de\/index.php\/wp-json\/wp\/v2\/pages\/274"}],"wp:attachment":[{"href":"https:\/\/wepsakk.de\/index.php\/wp-json\/wp\/v2\/media?parent=453"}],"curies":[{"name":"wp","href":"https:\/\/api.w.org\/{rel}","templated":true}]}}